{"id":630,"date":"2023-08-17T16:20:29","date_gmt":"2023-08-17T16:20:29","guid":{"rendered":"https:\/\/www.faxerollo.dk\/?page_id=630"},"modified":"2024-10-13T12:29:15","modified_gmt":"2024-10-13T12:29:15","slug":"hvordan-bliver-jeg-spejder","status":"publish","type":"page","link":"https:\/\/www.faxerollo.dk\/?page_id=630","title":{"rendered":"Hvordan bliver jeg spejder?"},"content":{"rendered":"<p><strong>Kunne du godt t\u00e6nke dig at blive spejder hos Rollo spejderne, er det egentligt ganske simpelt hvordan du bliver dette. Her er en guide til at hj\u00e6lpe jer med at blive spejdere hos os:<\/strong><\/p>\n<p><strong>1. V\u00e6lg din enhed:<\/strong><\/p>\n<p>F\u00f8rst og fremmest skal i finde ud af hvilken enhed som i\/ jeres barn h\u00f8rer til. Hos Rollo har vi f\u00f8lgende enheder, som man er inddelt i efter alder:<\/p>\n<p><strong>Familie-spejder:<\/strong> 3- 6 \u00e5r (Her g\u00e5r man ofte til spejder med en for\u00e6ldre).<\/p>\n<p><strong>B\u00e6ver:<\/strong> 6-7 \u00e5r.<\/p>\n<p><strong>Ulve:<\/strong> 8-12 \u00e5r<\/p>\n<p><strong>Junior:\u00a0<\/strong>10 &#8211; 12 \u00e5r<\/p>\n<p><strong>Trop:<\/strong> 13-17 \u00e5r<\/p>\n<p><strong>Rovere:<\/strong> 17+<\/p>\n<p><em>(<strong>OBS:<\/strong> Normalvis er der hos KFUM- spejderne ogs\u00e5 en juniorer-enhed, men hos Rollo har vi blot ulve og trop-enhederne. S\u00e5 hvis man har alderen til at v\u00e6re juniorer, indg\u00e5r man enten hos ulve eller hos trop. Da vi ingen senior-enhed har,\u00a0 forbliver man i trop-enheden).<\/em><\/p>\n<p><strong>2: Pr\u00f8ve gange hos Rollo:<\/strong><\/p>\n<p>Hos Rollo, har du tre pr\u00f8vegange til at finde ud af om det er noget for dig at v\u00e6re spejder. Her for du lov til at pr\u00f8ve kr\u00e6fterne af med forskelligt spejderarbejde og l\u00e6re de andre spejdere og ledere at kende, ved at deltage til enhedsm\u00f8derne.<\/p>\n<p><strong>3: Hvor og hvorn\u00e5r:<\/strong><\/p>\n<p>Enhederne (p\u00e5 n\u00e6r senior) holder spejderm\u00f8de hver s\u00f8ndag i ulige uger, i de f\u00f8lgende tidsrum:<\/p>\n<p><strong>Familie-spejder:<\/strong> Kl. 10-13<\/p>\n<p><strong>B\u00e6ver:<\/strong> Kl. 10-13<\/p>\n<p><strong>Ulve:<\/strong> Kl. 10-13<\/p>\n<p><strong>Junior:\u00a0<\/strong>kl. 10- 13<\/p>\n<p><strong>Trop:<\/strong> Kl. 10-14<\/p>\n<p><strong>Rover:<\/strong> Roverne holder deres m\u00f8de en gang om m\u00e5neden, som hedder &#8220;KLAN&#8221;. I kan her se i vores kalender hvorn\u00e5r n\u00e6ste roverm\u00f8de er (Kalenderen findes i menuen under &#8220;Praktisk info&#8221;).<\/p>\n<p><strong>4. Kontakt og yderligere sp\u00f8rgsm\u00e5l:<\/strong><\/p>\n<p>Som umiddelbart er man velkommen til at m\u00f8de op til et enhedsm\u00f8de og v\u00e6re med, men for vores lederes skyld er det altid rart med en mail p\u00e5 forh\u00e5nd om jeres deltagelse. Mest af alt s\u00e5 vi p\u00e5 forh\u00e5nd ved om vi skal tage forbehold for at der er nye spejdere med og planl\u00e6gge derefter. I s\u00e5 fald skal i blot skrive en mail til info@faxerollo.dk om at i deltager p\u00e5 p\u00e5g\u00e6ldende m\u00f8de. Hvis i har yderligere sp\u00f8rgsm\u00e5l kan i sende dem til samme mail. For vores og jeres egen skyld anbefaler vi, at i kigger en gang i kalenderen p\u00e5 hjemmesiden, om vi holder enhedsm\u00f8der den dag som i vil deltage, da vi til tider er p\u00e5 ture og udflugter uden for hytten (Kalenderen findes i menuen under &#8220;Praktisk info&#8221;). (OBS: Enhedsm\u00f8der er vores normale spejdergange i Rollohytten).<\/p>\n<p>&nbsp;<\/p>\n<p>Vi h\u00e5ber at dette har hjulpet jer til at finde ud af hvordan man bliver spejder hos Rollo.<\/p>\n<p>Vi gl\u00e6der os til at m\u00f8de jer.<\/p>\n<p>Med Spejderhilsen<\/p>\n<p>Rollo spejderne<\/p>\n","protected":false},"excerpt":{"rendered":"<p>Kunne du godt t\u00e6nke dig at blive spejder hos Rollo spejderne, er det egentligt ganske simpelt hvordan du bliver dette. Her er en guide til at hj\u00e6lpe jer med at blive spejdere hos os: 1. V\u00e6lg din enhed: F\u00f8rst og fremmest skal i finde ud af hvilken enhed som i\/ jeres barn h\u00f8rer til. Hos Rollo har vi f\u00f8lgende enheder, som man er inddelt i efter alder: Familie-spejder: 3- 6 \u00e5r (Her g\u00e5r man ofte til spejder med en for\u00e6ldre)&#8230;.<\/p>\n<p class=\"read-more\"><a class=\"btn btn-default\" href=\"https:\/\/www.faxerollo.dk\/?page_id=630\"> Read More<span class=\"screen-reader-text\">  Read More<\/span><\/a><\/p>\n","protected":false},"author":2,"featured_media":0,"parent":0,"menu_order":0,"comment_status":"closed","ping_status":"closed","template":"","meta":{"footnotes":""},"class_list":["post-630","page","type-page","status-publish","hentry"],"_links":{"self":[{"href":"https:\/\/www.faxerollo.dk\/index.php?rest_route=\/wp\/v2\/pages\/630","targetHints":{"allow":["GET"]}}],"collection":[{"href":"https:\/\/www.faxerollo.dk\/index.php?rest_route=\/wp\/v2\/pages"}],"about":[{"href":"https:\/\/www.faxerollo.dk\/index.php?rest_route=\/wp\/v2\/types\/page"}],"author":[{"embeddable":true,"href":"https:\/\/www.faxerollo.dk\/index.php?rest_route=\/wp\/v2\/users\/2"}],"replies":[{"embeddable":true,"href":"https:\/\/www.faxerollo.dk\/index.php?rest_route=%2Fwp%2Fv2%2Fcomments&post=630"}],"version-history":[{"count":5,"href":"https:\/\/www.faxerollo.dk\/index.php?rest_route=\/wp\/v2\/pages\/630\/revisions"}],"predecessor-version":[{"id":729,"href":"https:\/\/www.faxerollo.dk\/index.php?rest_route=\/wp\/v2\/pages\/630\/revisions\/729"}],"wp:attachment":[{"href":"https:\/\/www.faxerollo.dk\/index.php?rest_route=%2Fwp%2Fv2%2Fmedia&parent=630"}],"curies":[{"name":"wp","href":"https:\/\/api.w.org\/{rel}","templated":true}]}}